{"id":127,"date":"2021-09-14T21:46:26","date_gmt":"2021-09-14T18:46:26","guid":{"rendered":"https:\/\/www.ergsan.com.tr\/?page_id=127"},"modified":"2021-12-28T09:35:26","modified_gmt":"2021-12-28T06:35:26","slug":"insan-kaynaklari","status":"publish","type":"page","link":"https:\/\/www.ergsan.com.tr\/?page_id=127","title":{"rendered":"\u0130nsan Kaynaklar\u0131"},"content":{"rendered":"<section class=\"l-section wpb_row height_medium\"><div class=\"l-section-h i-cf\"><div class=\"g-cols via_grid cols_1 laptops-cols_inherit tablets-cols_inherit mobiles-cols_1 valign_top type_default\"><div class=\"wpb_column vc_column_container\"><div class=\"vc_column-inner\"><div role=\"form\" class=\"wpcf7\" id=\"wpcf7-f358-o1\" lang=\"tr-TR\" dir=\"ltr\">\n<div class=\"screen-reader-response\"><p role=\"status\" aria-live=\"polite\" aria-atomic=\"true\"><\/p> <ul><\/ul><\/div>\n<form action=\"\/index.php?rest_route=%2Fwp%2Fv2%2Fpages%2F127#wpcf7-f358-o1\" method=\"post\" class=\"wpcf7-form init\" enctype=\"multipart\/form-data\" novalidate=\"novalidate\" data-status=\"init\">\n<div style=\"display: none;\">\n<input type=\"hidden\" name=\"_wpcf7\" value=\"358\" \/>\n<input type=\"hidden\" name=\"_wpcf7_version\" value=\"5.5.3\" \/>\n<input type=\"hidden\" name=\"_wpcf7_locale\" value=\"tr_TR\" \/>\n<input type=\"hidden\" name=\"_wpcf7_unit_tag\" value=\"wpcf7-f358-o1\" \/>\n<input type=\"hidden\" name=\"_wpcf7_container_post\" value=\"0\" \/>\n<input type=\"hidden\" name=\"_wpcf7_posted_data_hash\" value=\"\" \/>\n<\/div>\n<table style=\"height: 144px; width: 100%; border-collapse: collapse; border-style: ridge;\" border=\"1\">\n<tbody>\n<tr style=\"height: 18px;\">\n<td style=\"width: 50%; height: 18px;\"><strong>Pozisyon<\/strong><\/td>\n<td style=\"width: 50%; height: 18px;\"><span class=\"wpcf7-form-control-wrap POZISYON\"><select name=\"POZISYON\" class=\"wpcf7-form-control wpcf7-select wpcf7-validates-as-required\" aria-required=\"true\" aria-invalid=\"false\"><option value=\"GENEL BA\u015eVURU\">GENEL BA\u015eVURU<\/option><\/select><\/span><\/td>\n<\/tr>\n<tr style=\"height: 18px;\">\n<td style=\"width: 100%; height: 18px;\" colspan=\"2\">&nbsp;<\/td>\n<\/tr>\n<tr style=\"height: 54px;\">\n<td style=\"width: 100%; height: 54px;\" colspan=\"2\">\n<p><span class=\"wpcf7-form-control-wrap acceptance-3\"><span class=\"wpcf7-form-control wpcf7-acceptance\"><span class=\"wpcf7-list-item\"><label><input type=\"checkbox\" name=\"acceptance-3\" value=\"1\" aria-invalid=\"false\" id=\"subscribers_onlytrue\" \/><span class=\"wpcf7-list-item-label\">Gizlilik ve &ccedil;erez politikas\u0131n\u0131 <a href=\"http:\/\/93.186.120.94\/~tandtadm\/cookie-policy\/\" target=\"_blank\"> okudum, onayl\u0131yorum.<\/a><\/span><\/label><\/span><\/span><\/span><\/p>\n<p>&nbsp;<\/p>\n<\/td>\n<\/tr>\n<tr style=\"height: 18px;\">\n<td style=\"width: 50%; height: 18px;\"><strong>CV Y&uuml;kle<\/strong><\/td>\n<td style=\"width: 50%; height: 18px;\"><span class=\"wpcf7-form-control-wrap cv-yukle\"><input type=\"file\" name=\"cv-yukle\" size=\"40\" class=\"wpcf7-form-control wpcf7-file wpcf7-validates-as-required\" id=\"subscribers_onlytrue\" accept=\".doc,.docx,.pdf\" aria-required=\"true\" aria-invalid=\"false\" \/><\/span><\/td>\n<\/tr>\n<tr style=\"height: 18px;\">\n<td style=\"width: 100%; height: 18px;\" colspan=\"2\">&nbsp;<\/td>\n<\/tr>\n<tr style=\"height: 18px;\">\n<td style=\"width: 100%; height: 18px;\" colspan=\"2\"><span class=\"wpcf7-form-control-wrap kisiselveriler\"><span class=\"wpcf7-form-control wpcf7-acceptance\"><span class=\"wpcf7-list-item\"><label><input type=\"checkbox\" name=\"kisiselveriler\" value=\"1\" aria-invalid=\"false\" id=\"subscribers_onlytrue\" \/><span class=\"wpcf7-list-item-label\">Ki\u015fisel verilerinin i\u015flenmesi ve korunmas\u0131na ili\u015fkin bilgi formu ve muvafakatname'yi <a href=\"http:\/\/93.186.120.94\/~tandtadm\/kisisel-verilerin-islenmesi\/\">okudum, onayl\u0131yorum<\/a>.<\/span><\/label><\/span><\/span><\/span><\/td>\n<\/tr>\n<\/tbody>\n<\/table>\n<p><input type=\"submit\" value=\"G\u00f6nder\" class=\"wpcf7-form-control has-spinner wpcf7-submit\" \/><\/p>\n<div class=\"wpcf7-response-output\" aria-hidden=\"true\"><\/div><\/form><\/div><\/div><\/div><\/div><\/div><\/section>\n","protected":false},"excerpt":{"rendered":"Pozisyon GENEL BA\u015eVURU &nbsp; Gizlilik ve &ccedil;erez politikas\u0131n\u0131 okudum, onayl\u0131yorum. &nbsp; CV Y&uuml;kle &nbsp; Ki\u015fisel verilerinin i\u015flenmesi ve korunmas\u0131na ili\u015fkin bilgi formu ve muvafakatname'yi okudum, onayl\u0131yorum.","protected":false},"author":1,"featured_media":0,"parent":0,"menu_order":0,"comment_status":"closed","ping_status":"closed","template":"","meta":{"footnotes":""},"class_list":["post-127","page","type-page","status-publish","hentry"],"_links":{"self":[{"href":"https:\/\/www.ergsan.com.tr\/index.php?rest_route=\/wp\/v2\/pages\/127","targetHints":{"allow":["GET"]}}],"collection":[{"href":"https:\/\/www.ergsan.com.tr\/index.php?rest_route=\/wp\/v2\/pages"}],"about":[{"href":"https:\/\/www.ergsan.com.tr\/index.php?rest_route=\/wp\/v2\/types\/page"}],"author":[{"embeddable":true,"href":"https:\/\/www.ergsan.com.tr\/index.php?rest_route=\/wp\/v2\/users\/1"}],"replies":[{"embeddable":true,"href":"https:\/\/www.ergsan.com.tr\/index.php?rest_route=%2Fwp%2Fv2%2Fcomments&post=127"}],"version-history":[{"count":3,"href":"https:\/\/www.ergsan.com.tr\/index.php?rest_route=\/wp\/v2\/pages\/127\/revisions"}],"predecessor-version":[{"id":359,"href":"https:\/\/www.ergsan.com.tr\/index.php?rest_route=\/wp\/v2\/pages\/127\/revisions\/359"}],"wp:attachment":[{"href":"https:\/\/www.ergsan.com.tr\/index.php?rest_route=%2Fwp%2Fv2%2Fmedia&parent=127"}],"curies":[{"name":"wp","href":"https:\/\/api.w.org\/{rel}","templated":true}]}}